-1
Let c(h) = 2*h**3 + 5*h**2 + 2*h - 1. What is c(-2)?
-1
Let j(c) = -c - 7. Calculate j(1).
-8
Let w(i) = -i**3 - 5*i**2 + 4*i - 2. What is w(-5)?
-22
Let c(k) = k**2 - 15*k - 28. Determine c(22).
126
Let j(m) = -2*m**2 - 22*m - 12. Determine j(-9).
24
Let n(h) = 5*h + 1. What is n(-3)?
-14
Let v(t) = -3*t - 8. Determine v(-9).
19
Let m(p) = -10*p - 21. What is m(0)?
-21
Let x(t) = 2*t**3 - 45*t**2 - 21*t - 58. Calculate x(23).
-12
Let q(l) = -2*l**3 - 2*l**2 + 7*l + 3. Calculate q(-3).
18
Let a(s) = -s**2 + 11*s - 15. What is a(10)?
-5
Let y(v) = -v**3 + 13*v**2 + v - 13. Give y(13).
0
Let q(d) = 2*d - 13. Determine q(9).
5
Let w(y) = -y**3 + 24*y**2 - 23*y + 7. Calculate w(23).
7
Let h(k) = -k**2 - 17*k - 17. Determine h(-16).
-1
Let p(i) = -i**2 + 13*i - 9. Determine p(12).
3
Let k(g) = -g**2 + 11*g - 14. Give k(10).
-4
Let d(c) = 2*c**2 + 3*c + 1. Determine d(4).
45
Let a(r) = -r**2 + 14*r - 33. Calculate a(9).
12
Let f(k) = 34*k - 134. Calculate f(4).
2
Let m(y) = y**3 + 2*y**2 - y. Calculate m(-4).
-28
Let v(d) = 3*d**2 - 13*d + 2. What is v(4)?
-2
Let k(l) = -4*l**2 - 16*l + 15. Give k(-5).
-5
Let l(z) = -z**2 + 10*z + 7. Determine l(-1).
-4
Let q(z) = -z**3 + 4*z**2 - z - 2. What is q(4)?
-6
Let u(w) = -w**3 - 13*w**2 + w + 10. What is u(-13)?
-3
Let d(a) = -3*a**2 - 20*a + 17. What is d(-7)?
10
Let v(d) = d**2 + 10*d - 3. Calculate v(-9).
-12
Let j(w) = -4*w + 3. Determine j(-3).
15
Let p(x) = -x - 18. Calculate p(-8).
-10
Let q(b) = 4*b - 7. Determine q(3).
5
Let r(o) = -o**3 + 6*o**2 + 9*o - 9. What is r(7)?
5
Let v(b) = 5*b - 19. Determine v(9).
26
Let r(p) = p**3 + 10*p**2 + 19*p + 6. Give r(-8).
-18
Let p(a) = -a**3 - a**2 - 2*a - 9. Give p(-3).
15
Let g(j) = -j**2 + 5*j + 7. Determine g(5).
7
Let k(u) = 3*u - 13. Give k(5).
2
Let d(c) = 2*c**2 + 17*c - 12. What is d(-9)?
-3
Let p(y) = y**2 + 3*y - 8. Calculate p(-6).
10
Let n(j) = -12*j**2 - 12*j + 29. What is n(2)?
-43
Let c(n) = 3*n - 14. Determine c(10).
16
Let s(q) = 61*q + 439. Calculate s(-7).
12
Let j(x) = x + 1. Determine j(4).
5
Let i(j) = -j**3 + 7*j**2 + 17*j - 6. Calculate i(9).
-15
Let t(v) = v + 9. Calculate t(-8).
1
Let r(i) = 7*i - 8. Give r(2).
6
Let o(m) = 27*m + 428. Calculate o(-16).
-4
Let z(c) = -11*c + 4. Calculate z(4).
-40
Let b(t) = t**3 - 16*t**2 + 16*t + 21. Determine b(15).
36
Let x(r) = r**2 - 10*r - 13. What is x(11)?
-2
Let k(a) = -a**3 - 12*a**2 - 5*a - 60. Determine k(-12).
0
Let p(r) = -8*r - 220. Give p(-28).
4
Let x(i) = -i**3 + 3*i**2 + 4*i + 2. Calculate x(-2).
14
Let y(j) = -3*j**2 + 9*j + 10. Determine y(4).
-2
Let a(q) = -3*q + 22. Calculate a(6).
4
Let h(t) = -4*t**2 + 13. Calculate h(-3).
-23
Let a(z) = -z**3 - 48*z**2 + 4*z + 195. Calculate a(-48).
3
Let g(p) = -2*p - 11. Calculate g(-9).
7
Let v(o) = o**2 + 22*o + 18. What is v(-17)?
-67
Let x(g) = -6*g + 42. Give x(8).
-6
Let w(z) = z**2 - 34*z - 118. Calculate w(-4).
34
Let w(l) = 9*l**3 - l**2 + 2*l. Give w(1).
10
Let a(r) = -r**2 - 11*r + 35. Determine a(3).
-7
Let g(q) = q**3 + 7*q**2 + 6*q + 7. Determine g(-5).
27
Let l(k) = -k + 4. Determine l(-11).
15
Let s(f) = 417*f - 3751. Determine s(9).
2
Let a(l) = -l**3 + 3*l - 1. What is a(2)?
-3
Let b(n) = -10*n - 38. What is b(-16)?
122
Let b(q) = -5*q - 113. What is b(-26)?
17
Let x(b) = -2*b - 97. Determine x(-14).
-69
Let b(j) = -j**3 - 6*j**2 + 7*j + 5. Give b(-7).
5
Let f(v) = v**3 + 3*v**2 - 23*v - 10. What is f(-7)?
-45
Let g(d) = -d**3 - 7*d**2 - 5*d - 11. Give g(-7).
24
Let u(i) = 8*i**2 - 2*i - 2. Calculate u(2).
26
Let x(t) = t - 2. What is x(-12)?
-14
Let w(p) = -17*p + 10. Calculate w(1).
-7
Let t(j) = -7*j**2 + 4*j - 30. What is t(0)?
-30
Let l(f) = -15*f**2 + 9*f + 22. What is l(-2)?
-56
Let d(p) = -p**3 + 4*p**2 + 5*p - 17. Determine d(5).
-17
Let o(r) = -r - 2. Give o(9).
-11
Let h(v) = 2*v + 13. Determine h(-6).
1
Let i(n) = 4*n**2 - 2*n - 5. Determine i(-2).
15
Let r(h) = -h - 9. What is r(-12)?
3
Let v(i) = i - 21. Calculate v(10).
-11
Let a(b) = 2*b**2 - 24*b + 30. Determine a(13).
56
Let b(t) = -2*t + 29. Determine b(22).
-15
Let g(j) = -3*j**2 + j. What is g(-3)?
-30
Let w(v) = -v**3 - 7*v**2 - 5*v + 1. Give w(-6).
-5
Let k(y) = 2*y**3 - 8*y**2 - 8*y - 12. Give k(5).
-2
Let f(s) = s**3 - 38*s**2 + 108*s - 79. Calculate f(35).
26
Let i(j) = j**3 + 3*j**2 + 2*j + 2. What is i(-3)?
-4
Let n(w) = -6*w - 14. What is n(-5)?
16
Let z(c) = 3*c**2 + 5*c - 3. Calculate z(-3).
9
Let u(m) = -3*m**2 - 10*m - 6. Determine u(-5).
-31
Let u(w) = -27*w - 132. Calculate u(-4).
-24
Let u(o) = 2*o - 2. What is u(-5)?
-12
Let d(l) = l**3 + 11*l**2 + 2*l - 13. Calculate d(-4).
91
Let f(c) = -c**2 + 10*c + 9. What is f(12)?
-15
Let m(q) = -4*q + 38. Give m(-6).
62
Let l(y) = -17*y - 60. Calculate l(-6).
42
Let j(d) = -25*d. Determine j(-1).
25
Let g(u) = -2*u**2 - 13*u - 8. Give g(-7).
-15
Let l(q) = -q**3 - 10*q**2 + 6*q - 25. Calculate l(-11).
30
Let d(x) = -7*x**3 + x**2 - 2*x + 1. What is d(1)?
-7
Let p(z) = z**3 - 5*z**2 + 6*z - 4. Give p(2).
-4
Let v(h) = -16*h - 2. Give v(1).
-18
Let g(a) = -a**3 + 11*a**2 - 9*a + 8. Calculate g(10).
18
Let t(u) = u**3 - 13*u**2 + 2*u - 29. Calculate t(13).
-3
Let i(h) = 72*h - 417. Calculate i(6).
15
Let t(v) = -28*v - 16. What is t(-2)?
40
Let f(a) = 7*a - 4. Give f(0).
-4
Let h(s) = 8*s + 28. Calculate h(-1).
20
Let l(i) = 21*i + 232. Calculate l(-11).
1
Let o(n) = -5*n**2 - 2*n - 3. Give o(-2).
-19
Let h(t) = 3*t + 58. Determine h(-27).
-23
Let d(q) = 10*q - 64. Determine d(21).
146
Let c(r) = 4*r - 10. Give c(7).
18
Let o(a) = 4*a + 4. What is o(-7)?
-24
Let w(l) = l**3 + 28*l**2 + 26*l - 34. Determine w(-27).
-7
Let x(s) = s - 2. What is x(6)?
4
Let x(b) = b**3 - 10*b**2 - 10*b - 13. What is x(10)?
-113
Let f(y) = -3*y**2 + 31*y - 12. Calculate f(9).
24
Let z(j) = -j**2 - 6*j + 1. Calculate z(-7).
-6
Let c(t) = -2*t**3 + 3*t**2 + 4*t - 3. Calculate c(3).
-18
Let i(y) = y + 3. Determine i(-7).
-4
Let x(q) = -2*q**3 + 10*q**2 + q - 29. Calculate x(4).
7
Let k(y) = y**3 + 2*y**2 - 3*y - 17. Determine k(0).
-17
Let a(p) = p**3 - 12*p**2 + 12*p - 2. What is a(11)?
9
Let h(j) = j - 16. Determine h(5).
-11
Let l(c) = 14*c + 11. What is l(4)?
67
Let s(l) = -23*l**2 + l - 1. What is s(1)?
-23
Let j(m) = -7*m**2 + 4*m + 5. Calculate j(-2).
-31
Let b(f) = 6*f + 26. Calculate b(-5).
-4
Let y(o) = 5*o + 27. Determine y(-9).
-18
Let d(v) = v**2 - 15*v + 39. Calculate d(11).
-5
Let r(m) = 2*m**2 - 38*m - 46. Determine r(20).
-6
Let w(p) = 2*p**3 - 59*p**2 + 31*p - 51. Determine w(29).
7
Let q(j) = -j**3 - 11*j**2 + 81*j + 19. Determine q(-16).
3
Let f(j) = j - 3. Determine f(-4).
-7
Let s(k) = k**3 - 14*k**2 - 6. What is s(14)?
-6
Let m(v) = v**2 + 10*v + 12. Determine m(-5).
-13
Let v(l) = -l + 40. Give v(0).
40
Let k(p) = -p**2 - 12*p + 12. Calculate k(-13).
-1
Let h(p) = 11*p - 5. Determine h(1).
6
Let f(x) = -x**3 + 3*x**2 + 18*x - 37. Give f(2).
3
Let n(g) = -7*g**2 - 4*g - 3. Determine n(-1).
-6
Let w(b) = -b**2 + b + 2. Calculate w(-1).
0
Let c(q) = -24*q**2 - q + 1. Determine c(1).
-24
Let d(s) = -s**3 - 37*s**2 + 36*s - 76. What is d(-38)?
0
Let n(x) = x**3 + 5*x**2 + x - 4. Determine n(-4).
8
Let j(u) = 14*u**3 - 2*u**2 + 6*u - 3. Determine j(1).
15
Let c(i) = -i**3 - i**2 - 2*i + 1. Give c(-3).
25
Let s(t) = 6*t - 8. What is s(6)?
28
Let g(k) = -k**2 + 3*k + 3. Give g(4).
-1
Let t(q) = -q**3 + 27*q**2 - 22*q - 107. Give t(26).
-3
Let q(v) = v - 23. Give q(-3).
-26
Let q(v) = v + 12. Give q(-4).
8
Let r(f) = f**3 - 6*f**2 - 2*f - 29. Determine r(7).
6
Let n(y) = -y**3 + 32*y**2 + 69*y - 40. What is n(34)?
-6
Let n(q) = q**2 + 13*q + 3. Calculate n(-10).
-27
Let i(b) = -3*b**3 + 23*b**2 + 12*b - 3. What is i(8)?
29
Let i(w) = 4*w**2 - 9*w - 7. Determine i(3).
2
Let i(v) = -v**2 + 6*v + 15. Calculate i(9).
-12
Let n(z) = 2*z**2 - 21*z + 40. Determine n(9).
13
Let u(h) = h - 6. Calculate u(-8).
-14
Let n(v) = -v**3 - 13*v**2 - 20*v + 16. What is n(-11)?
-6
Let d(r) = -24*r**3 - 3*r**2 + 5*r - 3. Give d(1).
-25
Let b(q) = 12*q + 53. Calculate b(-5).
-7
Let c(l) = l**2 + 2*l - 2. Give c(1).
1
Let u(a) = 39*a - 200. What is u(5)?
-5
Let j(a) = 2*a - 8. Calculate j(0).
-8
Let n(t) = 13*t**2 + t + 1. Determine n(-1).
13
Let b(s) = 79*s + 312. What is b(-4)?
-4
Let z(v) = 27*v + 2. Calculate z